*w = 2 - 10. What is the units digit of w?
2
Suppose -5*o - 3*i = -53, 0*o - 5*o + 45 = 5*i. What is the units digit of o?
3
Let t(n) = n + 3. Let d be t(-3). Suppose d = -4*o + 37 + 59. What is the units digit of o?
4
Let u(g) = g**3 - 3*g**2 - 2*g + 12. What is the units digit of u(5)?
2
Let t(q) = q**3 - 3*q**2 - 4*q - 1. Let o be t(4). Let f = 2 + o. Let g = 12 + f. What is the units digit of g?
3
Let j(g) = -g**3 + 6*g**2 + 2*g - 8. What is the units digit of j(6)?
4
What is the tens digit of -2*3*(10 + 4)/(-1)?
8
Let h = -1 + 3. Suppose -2*j = 2*j + 5*b - 61, h*j - 43 = -5*b. What is the units digit of j?
9
Suppose -5*l + 25 = 0, 3*l - 188 = -2*c + 5*l. What is the units digit of c?
9
Let r be (-3 - -2)/(1/(-44)). Let f = r - 11. What is the tens digit of f?
3
Let p be 1*5 + -8 + 7. Let z = -3 + p. What is the units digit of z?
1
Suppose 3*g - 3 = -0*g. Suppose f - g = 4. Suppose -2*r + 18 = 3*k - k, -9 = -4*k + f*r. What is the units digit of k?
6
Let v = 33 - 4. What is the tens digit of v?
2
Let m(g) = -g**2 + 6*g - 3. Suppose 3*o - 22 + 4 = 0. Let p be m(o). Let u = p + 13. What is the units digit of u?
0
Let o = 83 + -36. What is the units digit of o?
7
Let k = 26 - -2. What is the tens digit of k?
2
Suppose 5*u = -0*a - 2*a + 30, -3*a - 5*u + 45 = 0. What is the units digit of a?
5
Let d = -25 + 17. Let q(m) = m**2 + 8*m + 4. Let v be q(d). Suppose j = v*s - 8, 0 = 5*j - 2*j - 4*s - 8. What is the units digit of j?
8
Let z(o) = 6*o + 7. Let g(u) = 5*u + 6. Let w(s) = -3*g(s) + 2*z(s). Suppose 3*d = 11 - 32. What is the units digit of w(d)?
7
Let n = 33 - -9. What is the units digit of n?
2
Suppose -3*u - 4*f = -2*f + 31, u - 4*f + 15 = 0. Let d = -8 - u. What is the units digit of d?
3
What is the units digit of 1 + (-1)/(-3)*111?
8
Let b(n) = -n**2 + 13*n + 21. Let t(a) = 3*a + 5. Let h(j) = -6*b(j) + 26*t(j). Let d be h(-3). What is the units digit of d/8 - 3/12?
7
Let f = -13 + 119. What is the tens digit of f?
0
Suppose 5 = -4*w - 3. What is the units digit of (-2)/w - (2 - 2)?
1
Let c(o) = o**3 - 14*o**2 + 3*o - 14. What is the units digit of c(14)?
8
Suppose 121 = 3*x - 35. What is the units digit of x?
2
Suppose -c + 2*c = 5*k - 192, -k - 2*c = -45. Suppose -o = -3*f, -5*f + k = 3*o - f. What is the units digit of o?
9
Let g = -1 + 6. Let a be -3*4/(-6) - -1. Suppose g*v = 32 + a. What is the units digit of v?
7
Let r(h) = 2*h**2 - 4*h + 2. Let n be r(3). Suppose -4*p + 69 = -t, 4*p = -4*t - n + 52. Suppose 5*o - p = -1. What is the units digit of o?
3
Let m(b) = -b**2 - 7*b - 2. Let d be m(-7). What is the units digit of (26/(-13))/(d/27)?
7
Let n = 22 - -122. Suppose -2*h + n = h. What is the units digit of h?
8
Suppose 3*p - 11 = -4*g + 12, -2*p - 2*g + 18 = 0. What is the units digit of p?
3
Let a be ((-88)/10)/((-4)/10). What is the tens digit of 4/a + 326/22?
1
Let u(s) = -s + 7. Let k be u(-8). Suppose 4*v + 3*z + k = 5*v, 2*v + 2*z = 6. What is the units digit of v?
6
Let m = 86 - 16. What is the tens digit of m?
7
Let q(f) = -f**3 + 2*f + 1. Let t be q(-1). Suppose -g + 4*g - 42 = t. What is the units digit of g?
4
Let b(g) = 30*g. What is the tens digit of b(2)?
6
Let v(o) = 3*o**2 - 10*o - 1. Let s(j) = -10*j**2 + 31*j + 4. Let p(l) = 2*s(l) + 7*v(l). Let x be (6/4)/((-6)/(-32)). What is the units digit of p(x)?
1
Let n be ((-14)/3 - -4)/((-3)/9). Let f(q) = -q**3 + 5*q**2 + 8*q - 8. Let a be f(6). Suppose -r - a*w = -23, -2*w = r - n*r + 5. What is the tens digit of r?
1
Let g(x) = 0*x - 3 + 0 - 2*x. Let q = -7 - -4. What is the units digit of g(q)?
3
What is the tens digit of 3 - 2*(-33 - -4)?
6
Let t(k) = -k - 1. What is the units digit of t(-3)?
2
Let d = -506 + 839. What is the units digit of d?
3
Suppose -4*v + 140 = v. What is the units digit of v?
8
Let v be (2 - -9)/((-5)/(-5)). Suppose -v = -3*d - 2. Suppose a + 12 = -d*c + 32, 0 = -4*c + 8. What is the tens digit of a?
1
Let g be (-79)/(-3) + (-6)/(-9). Suppose -3*p + g = 3. What is the units digit of p?
8
Let p(x) = 3*x**2 + x - 1. What is the units digit of p(-1)?
1
Suppose j - 6*j + 10 = 0. Let v(l) = -l**2 + 3*l**2 + 0*l**2 + j + 8*l + 2. What is the tens digit of v(-5)?
1
Let o = 3 + 3. Suppose o*l = l + 30. What is the units digit of l/9*(-21)/(-2)?
7
Let u(m) = m + 3. Suppose 0 = -4*r + 21 - 1. What is the units digit of u(r)?
8
Let b be (-6)/21 - 23/(-7). Suppose b = p - 3*z, -5*p + 2 + 33 = 5*z. Let d = 6 + p. What is the units digit of d?
2
Let q be ((-5)/(-2))/(2/4). Suppose -106 = 2*o - 2*h - 14, -q*o - h = 218. Let j = -28 - o. What is the units digit of j?
6
Let h = 6 + -8. Let v = h + 4. Suppose -16 = -2*l - 2*w - 4, 2*l - 24 = v*w. What is the units digit of l?
9
Let g be 1 + -3 - (-6 + 3). Let o be (g/(-1) + 1)/(-1). Suppose 2*l + 4 = o, l = 3*v + 9 - 35. What is the units digit of v?
8
What is the tens digit of 6/(0 + 2) + 22?
2
Suppose -4*s - 117 - 24 = -5*z, 5*z - 105 = -5*s. What is the tens digit of (-1)/(-2) + z/2?
1
Let d(u) = -u**2 - 15. Let b be d(0). What is the tens digit of (-339)/b + (-2)/(-5)?
2
Suppose z - 3*z - 29 = -3*d, 2*d = -2*z + 6. What is the units digit of d?
7
Let g(c) = 2*c**2 - 9*c - 4. What is the tens digit of g(7)?
3
Let b(x) = x**3 + x**2 - x + 1. Let t be b(1). Suppose 4*s - 12 = -4*c, t*s - 6*s + 5*c = -48. Suppose -s - 7 = -2*w. What is the units digit of w?
7
Suppose 2*m = -2*m + 40. Suppose -3*g = -0*g + 4*t - 15, -2*g + m = -t. Suppose g*i + 3*n = -n + 44, 4*n = 3*i - 20. What is the units digit of i?
8
Suppose 60 = -0*y + 2*y. What is the units digit of y?
0
Suppose -84 = w - 4*w. Let t be 3*(2 + w/(-6)). What is the units digit of (-6)/4*t/3?
4
Let l(p) = 3*p**2 + 6*p - 6. What is the units digit of l(-5)?
9
Let u(a) = -a**3 + 7*a**2 - 6*a + 8. Let r be u(6). Suppose -2*c - r = -3*c. Suppose 49 + c = 4*i + 5*g, -2*g + 2 = 0. What is the units digit of i?
3
Suppose 0 = -2*p + 6*p. What is the units digit of 1/(1 + p + 0)?
1
Let w(i) = -3*i - 1. Let j(m) = m. Let o(a) = -2*j(a) - w(a). Let d be o(1). What is the units digit of d*(16 + -2)/2?
4
What is the tens digit of (-5747)/(-42) + (-2)/(-12)?
3
Let c(o) = 8*o - 2. What is the tens digit of c(5)?
3
Let x = 4 - -12. What is the tens digit of x?
1
Let z(x) = -x**2 + 5*x. Let p be z(4). Suppose 5*l + 4*c + c = 25, -p*c = 2*l - 12. What is the units digit of l?
4
Suppose -5*m + 3*m + 36 = 0. Let o(u) = -u**2 - 9*u - 5. Let x be o(-8). Suppose -12 = -x*h + m. What is the units digit of h?
0
Let q = 67 + -19. Suppose 0*a - 4*a = -q. What is the units digit of a?
2
Let o be ((-25)/(-15))/((-2)/6). Let v = 1 - o. What is the units digit of v?
6
Suppose 19 = a - 67. What is the units digit of (1/(-2))/((-1)/a)?
3
Let d(u) = -3*u**2 - 1. Let l be d(-1). Let q be (-4)/l + (-3)/(-1). Suppose -5*m - q*f + 42 = 0, m + 3*m - 5*f - 9 = 0. What is the units digit of m?
6
Suppose g - 3*h = -2*g + 36, 0 = 3*h - 12. Suppose 0*j - g = -3*d - 2*j, -2 = 4*d - 2*j. Suppose -l - 1 + 6 = d*o, -15 = 5*l. What is the units digit of o?
4
Let c be -1 - 1*(0 + 2). Let x be c*(6/(-9))/2. What is the units digit of (-1 - x)/(10/(-5))?
1
Let f = 23 - 19. Suppose -2*b = -o - 65, -3*b - f*o + 23 + 102 = 0. What is the tens digit of b?
3
Let p(x) be the first derivative of 26*x**3/3 - x**2 + 2*x - 5. What is the units digit of p(1)?
6
Let p(o) = 14*o + 2. Let h be p(1). What is the units digit of -40*((-20)/h)/1?
0
Suppose 3*c + 8 = 32. Let z(l) = 12*l**2 + 0 - 3*l**2 - 6 - l**3 - 7*l. What is the units digit of z(c)?
2
Let o = -90 - -220. What is the tens digit of o?
3
Suppose -6*n + 233 + 241 = 0. What is the units digit of n?
9
What is the units digit of (-1 - 10/(-6))/((-2)/(-111))?
7
Suppose 0 = c + 3*a - 0 - 8, -a - 4 = -3*c. Suppose t - 38 = -c*k, 3*t = -k - 92 + 231. What is the units digit of t?
8
Let z(d) be the second derivative of d**3/2 - 5*d**2/2 - 8*d. What is the units digit of z(3)?
4
Suppose -3*d - 5*v + v = 8, 3*d + v + 2 = 0. Suppose -m + 0*m + 7 = d. What is the units digit of m?
7
Suppose 3 = 4*h - 5*h - o, -2*h + 5*o - 13 = 0. Let y = h - -5. Let a(u) = 7*u**2 - 1. What is the units digit of a(y)?
6
Suppose -5*x = -2*w + 3, 7 = w + x + 2*x. Let z = 8 - w. What is the units digit of z?
4
Let c(d) = d. Let a(h) = 4*h. Let k(r) = r - 7. Let w be k(6). Let p(s